930871 composite?
True
Is 464609293 a composite number?
False
Is 3817099271 prime?
False
Is 83799569563 prime?
True
Is 327795641 composite?
True
Is 402218272277 composite?
False
Is 2527518823 a prime number?
False
Is 4471712099 prime?
True
Is 504926119 a prime number?
False
Is 18479515231 composite?
False
Is 95464757 composite?
True
Is 93430031 prime?
False
Is 27529295803 a composite number?
False
Is 67625977697 a prime number?
False
Is 321219553 a composite number?
False
Is 1566523561 a composite number?
True
Is 1389561007 a prime number?
True
Is 5543135581 a prime number?
True
Is 55584701 a prime number?
False
Is 42911980711 composite?
True
Is 4300305979 a prime number?
False
Is 60871729 composite?
False
Is 35476902959 a composite number?
True
Is 44049487 a prime number?
True
Is 3615702799 composite?
True
Is 223291927 composite?
False
Is 6155072383 composite?
True
Is 1096032173 prime?
True
Is 36336797153 composite?
False
Is 14206603991 composite?
True
Is 857294657 prime?
False
Is 7094012179 a prime number?
True
Is 4523931821 composite?
True
Is 6481184837 a prime number?
True
Is 6028006969 prime?
True
Is 26552437799 composite?
False
Is 12210726145 a prime number?
False
Is 34866945607 prime?
False
Is 107781087551 composite?
True
Is 3535524043 composite?
False
Is 77007533 prime?
False
Is 11358068971 a prime number?
True
Is 23226089533 a prime number?
False
Is 10820272153 a composite number?
False
Is 1034247209 prime?
True
Is 852831829 composite?
True
Is 21829007393 a composite number?
True
Is 11288869089 a composite number?
True
Is 2547220549 composite?
True
Is 6559940693 composite?
True
Is 248843527 a composite number?
True
Is 359602685215 a prime number?
False
Is 282142199 a composite number?
False
Is 239425675277 prime?
False
Is 8370562973 prime?
False
Is 5669967607 a prime number?
False
Is 258460123 composite?
False
Is 861953581 a prime number?
True
Is 612445969 a composite number?
False
Is 72027796829 composite?
False
Is 1201678531 composite?
True
Is 7083137047 composite?
True
Is 461355467 composite?
False
Is 82041199237 prime?
False
Is 18932855869 prime?
False
Is 415509511 composite?
True
Is 64030941647 a composite number?
False
Is 62208019297 a composite number?
False
Is 32792337821 composite?
False
Is 39805116737 composite?
True
Is 335810609 composite?
True
Is 3208097927 composite?
False
Is 9723157187 prime?
True
Is 15835256071 a prime number?
False
Is 1169640461 a prime number?
False
Is 139303216207 a composite number?
True
Is 174182000059 prime?
True
Is 60320087 a composite number?
True
Is 324232031 composite?
False
Is 3239662259 a composite number?
True
Is 1901375747 composite?
True
Is 3264909205 a prime number?
False
Is 86368993 prime?
False
Is 44997576263 composite?
False
Is 69771030463 composite?
False
Is 93574212343 a prime number?
False
Is 4543128613 prime?
False
Is 9175778137 composite?
False
Is 87898387339 a prime number?
False
Is 49705180051 prime?
False
Is 5166545465 a composite number?
True
Is 184656923485 a prime number?
False
Is 18468245179 a prime number?
True
Is 96408665653 prime?
True
Is 11188619449 composite?
True
Is 939126757 composite?
False
Is 326256787 prime?
False
Is 2776695829 composite?
True
Is 9009015451 a prime number?
True
Is 5042289853 a prime number?
False
Is 416022559 a prime number?
True
Is 738058001 prime?
False
Is 2195440507 a prime number?
False
Is 3064041947 a prime number?
False
Is 4490577197 a prime number?
True
Is 2634970483 prime?
False
Is 372035459 composite?
False
Is 457693566461 prime?
True
Is 926997587 a prime number?
True
Is 957163349 a composite number?
False
Is 4064681 a prime number?
True
Is 187352443 a prime number?
True
Is 23819581381 a prime number?
True
Is 3526770383 a prime number?
True
Is 1417798117 a composite number?
True
Is 9171481001 a composite number?
False
Is 9019701511 prime?
True
Is 3239639693 composite?
True
Is 3697583479 composite?
False
Is 210721909 a prime number?
False
Is 524662470217 prime?
True
Is 48250004807 prime?
True
Is 11136110989 a prime number?
True
Is 51506941069 a composite number?
False
Is 1723228159 composite?
False
Is 10738251023 prime?
True
Is 30211987073 prime?
True
Is 1945809979 prime?
True
Is 63394253147 composite?
False
Is 1307969561 a prime number?
True
Is 28725199903 prime?
False
Is 1399591727 a prime number?
True
Is 194724757 a prime number?
True
Is 5564406613 prime?
True
Is 21073094677 a composite number?
False
Is 1222933861 a composite number?
True
Is 698059991 a composite number?
False
Is 9697914071 a prime number?
True
Is 564421003 prime?
True
Is 59679704047 a composite number?
False
Is 887349667 prime?
True
Is 2844573131 composite?
True
Is 7279834283 prime?
True
Is 83376329039 a composite number?
True
Is 45604106917 a prime number?
False
Is 5197081 prime?
True
Is 292289192537 prime?
True
Is 76591699 composite?
True
Is 4449155083 prime?
False
Is 97824624335 a prime number?
False
Is 216685907 a composite number?
False
Is 1809582301 prime?
True
Is 47609676262 composite?
True
Is 38482183549 a composite number?
False
Is 77522057 a composite number?
True
Is 2753755957 composite?
False
Is 593895359 a prime number?
True
Is 8721254501 a prime number?
False
Is 578197549 a prime number?
False
Is 4526759155 composite?
True
Is 13394386937 a prime number?
True
Is 289940257 prime?
False
Is 236093009 composite?
True
Is 55152565063 prime?
True
Is 897484717 a prime number?
True
Is 8586756311 prime?
False
Is 9104987573 a prime number?
False
Is 382000687 composite?
True
Is 406075979 a composite number?
False
Is 81306195167 a prime number?
False
Is 52396697 a composite number?
False
Is 4148075983 a composite number?
False
Is 359539573 a composite number?
False
Is 1430607721 composite?
True
Is 25856213347 a composite number?
True
Is 12328035203 a composite number?
True
Is 4670694727 a composite number?
True
Is 4089918479 a prime number?
True
Is 122949400799 a composite number?
False
Is 126425462 a prime number?
False
Is 4366442011 a composite number?
True
Is 336860939 a composite number?
False
Is 1796032297 composite?
False
Is 102631073009 prime?
True
Is 6768823307 prime?
True
Is 19455946613 prime?
False
Is 48305183 a prime number?
False
Is 1059373093 composite?
True
Is 41884083023 a prime number?
True
Is 11431592441 a composite number?
True
Is 1314999911 a prime number?
True
Is 1298989493 a prime number?
False
Is 1346177621 a prime number?
False
Is 5920007603 composite?
False
Is 39005977253 a composite number?
False
Is 1185094637 composite?
False
Is 216209393 a composite number?
True
Is 59059687097 a prime number?
False
Is 23074936919 a prime number?
True
Is 223014151 a composite number?
False
Is 22194938603 a prime number?
True
Is 47152936819 composite?
False
Is 3369271903 prime?
True
Is 116698451 prime?
True
Is 10875728623 prime?
True
Is 10244251319 prime?
True
Is 473036497 a prime number?
True
Is 41662781323 prime?
True
Is 927567931 composite?
False
Is 330921761 a prime number?
False
Is 546189803 a prime number?
True
Is 395646341 a composite number?
True
Is 103328963 composite?
False
Is 14713703891 composite?
False
Is 26931040897 a prime number?
False
Is 4891927333 composite?
True
Is 11241755093 a prime number?
True
Is 7109362247 a composite number?
True
Is 1234109683 prime?
True
Is 7305687173 a composite number?
False
Is 423454367 a composite number?
True
Is 10457245171 prime?
True
Is 935277019 prime?
False
Is 12483027289 prime?
False
Is 58719799669 a composite number?
False
Is 1973229463 prime?
True
Is 107578243 composite?
False
Is 1569226817 a prime number?
False
Is 4108344605 prime?
False
Is 3066940237 a prime number?
True
Is 2494717909 composite?
False
Is 1715739163 composite?
False
Is 1060697381 prime?
True
Is 19853413 composite?
False
Is 1687335809 prime?
True
Is 23361844927 prime?
True
Is 590612573 a prime number?
False
Is 604538929 composite?
True
Is 142760003 composite?
False
Is 62103811789 a prime number?
True
Is 3123626131 composite?
True
Is 1316312399 a prime number?
False
Is 41570202481 prime?
False
Is 12904559737 a prime number?
True
Is 368506669 a prime number?
True
Is 12620947613 prime?
False
Is 3809772529 composite?
True
Is 1664542963 a composite number?
True
Is 788792633 a prime number?
True
Is 176499081739 composite?
False
Is 887305764